 (-2 + 16)*(-26)/(-91). Let w(v) = -3 + n + x - v + 0. Calculate w(-5).
7
Let o(i) = 2*i**3 - 13*i**2 + 44*i - 93. Let r be o(4). Let q(s) = s**2 + s - 16. Determine q(r).
-4
Let t(i) = 12*i**3 + 5*i - i**2 - 7*i**3 + 9*i - 5*i**2 - 11 - 6*i**3. Let m be t(-8). Let k(s) = 3*s + 1. What is k(m)?
16
Let j(d) = -17676*d + 8834*d - 24 + 8841*d. Calculate j(-13).
-11
Suppose u + 46*y - 15 = 48*y, 4*u - 48 = -4*y. Let z(w) = w**3 - 14*w**2 + 9*w + 5. Determine z(u).
-47
Let k(m) = 5 + m**2 - 35 - 3*m**2 - 6 + 14 - 35*m. Calculate k(-17).
-5
Let h(s) = 34 - 4*s + 2*s**2 - 35 - s**2. Let u = -23 - -25. Suppose u*v = 5*b - 26, 4*b + 2*v - 12 = 16. Give h(b).
11
Suppose -10*l + 4*l = -24. Let r(f) = -3*f + l*f + 20591*f**2 - 20585*f**2. Calculate r(1).
7
Suppose -c = 32 - 35. Let k be (-1 - c/6*0) + 8. Let w(v) = v - 12. Determine w(k).
-5
Let i(h) be the first derivative of h**3/6 - 4*h**2 + 191*h + 131. Let d(l) be the first derivative of i(l). What is d(8)?
0
Let u(v) be the first derivative of 54 - 1/2*v**2 + 2*v. Let n(k) = -k**3 - 7*k**2 - 5*k + 3. Let s be n(-6). Determine u(s).
5
Let l(v) = -974*v - 9. Let s(w) = 177*w + 2. Let b(x) = 6*l(x) + 33*s(x). Let t be (2/3)/((-2)/(-24)). Give b(t).
-12
Suppose -4*q = -3*q - 2. Suppose -3*n + 16 = -2*r, 6 = q*n + 5*r - 11. Let v(l) be the first derivative of -l**3/3 + 3*l**2 + 8*l - 20. What is v(n)?
8
Let b(j) = -184439*j + 7 + 184440*j + 11. Give b(-8).
10
Let o(v) = 16*v**3 + v. Let j(z) = -3*z + 18. Let u be j(5). Let y be -55*1 + (6 - u). Let x = y + 53. Give o(x).
17
Let b(i) = -i**3 - i**2 - 1. Suppose 39 = 5*u - 2*l, -5*u + 49 = 4*l - 8. Let c be (4 + -1)/u*0. What is b(c)?
-1
Suppose 0 = 5*g - 7 - 38. Let u(k) be the third derivative of -k**5/60 + k**4/3 + k**3 + 3*k**2 + 17*k - 13. Calculate u(g).
-3
Suppose -4*h + 4 = 0, 4*a - 113 = -13*h + 8*h. Suppose a = 7*n - 43. Let b(q) = 2*q - 14. Determine b(n).
6
Let f = -1541 - -1409. Let o be (6/4)/(66/f). Let k(l) = -2*l**2 + 5*l - 9. Let z(q) = q**2 - 2*q + 4. Let u(h) = 4*k(h) + 9*z(h). Calculate u(o).
3
Let h(z) = -5*z**3 + 26*z**2 - 3*z - 1. Let q(n) = -2*n**3 + 9*n**2 - n. Let l(f) = -3*h(f) + 8*q(f). Let a = -25 - -24. Let j be 9/a + (1 - -2). Give l(j).
-3
Let s(g) = -17*g + 7 + 36*g**2 - 11 + 8*g**3 - 3*g**2 - 6*g**3 + 2. Calculate s(-17).
-2
Let z(u) = 6*u**3 - u**2 + u. Let y be z(1). Let h(v) = 3*v**2 + 3364 - 9*v - 2*v**2 - 6712 + 3353. What is h(y)?
-13
Let i(w) = w**2 + 5*w + 8. Let x be i(-6). Let a(s) = -25 + 7*s + 5*s - x*s. Give a(-13).
1
Let o(n) = -5*n**2 + 3*n + 22. Let p(k) = -4*k**2 + 2*k + 21. Let y(f) = 3*o(f) - 4*p(f). Let v be y(-5). Let h be 2*4/(v + 6). Let u(i) = -7*i. Determine u(h).
-7
Let r(m) = 3*m**3 + 7*m**2 - 5*m + 2. Let p(h) = 2*h**3 + 7*h**2 - 4*h + 2. Let l(i) = 4*p(i) - 3*r(i). Let o be (-3)/(-63)*(96 + 51). Give l(o).
-5
Let q(m) = 4267084 - 6*m - 4*m - 4266894. Calculate q(18).
10
Let l(k) = -k + 45. Let x be l(7). Let o be 65/(-9) + x/171. Let g(h) = -h**3 - 6*h**2 + 7*h + 6. Calculate g(o).
6
Let f(u) = -u**2 - 6*u + 5. Suppose -52*j + 49*j = k + 15, -5*j + 4*k = 42. Determine f(j).
5
Suppose -3*f + 5*m = -13, -m - 1 = 4. Let x(k) = 5*k**2 - 5. Let v(z) = -17*z**2 + z + 15. Let u(a) = -2*v(a) - 7*x(a). What is u(f)?
-3
Let d(y) = 6*y + 1. Let b(q) = -11*q - 11. Let z = 348 - 346. Let x(g) = z*d(g) + b(g). Calculate x(12).
3
Let r(g) = 20*g - 3. Let b = 3438 + -3439. What is r(b)?
-23
Let f(b) be the third derivative of -2*b**2 + 1/3*b**3 - 1/24*b**4 + 0 - 37*b. Calculate f(-5).
7
Let p = -5489 - -5479. Let r(b) = -3*b - 7. Determine r(p).
23
Let p be 16/40 - (-14)/(-35). Suppose p = 100*y - 85*y - 105. Let i(u) = -u**2 + 8*u - 11. What is i(y)?
-4
Let n = -11 + 17. Let g = n - 13. Let j(v) = -2*v**3 - 4 + 0*v**3 - 6*v**2 + v**3 - 1169*v - 1162*v + 2339*v. Calculate j(g).
-11
Let k(u) = -u**2 + 8*u - 12. Let f(s) = 3*s**2 - 8*s - 6. Let z be f(3). Let c be (-25)/10*(z - -1). Calculate k(c).
3
Let f = -29843 + 29851. Let j(l) = l**3 - 7*l**2 + 14*l - 8. Give j(f).
168
Let u(v) be the second derivative of -6*v**2 + 0 + 194*v - v**3 + 3/4*v**4 - 1/20*v**5. Determine u(8).
4
Let i(y) = -y**2 - 52*y - 213. Let x be i(-46). Let f(j) = -j**3 + 64*j**2 - 65*j + 131. Determine f(x).
5
Suppose j - m + 47 = 28, 2*m + 52 = -3*j. Let x(o) = 6*o + 55. Determine x(j).
-53
Let z(u) be the second derivative of 47*u + 0 - 1/2*u**2 - 1/12*u**4 + 5/6*u**3. Let o = 4 - -2. Calculate z(o).
-7
Let w(d) = -19*d**3 - 26*d**2 - 7*d**3 - 19 + 44*d**3 + 25 - 16*d**3 + 24*d. Calculate w(12).
6
Let t be 2/12*((-2)/(-5))/(16/10). Let x(y) be the third derivative of -4*y**2 + 0*y - t*y**4 + 0 + 1/2*y**3. What is x(6)?
-3
Let t(p) = -61*p**3 + p. Let g(v) = -v + 2. Let l be g(-2). Let b be (-12)/2 - (-5)/(l - 3). Determine t(b).
60
Let b be (-82)/((-2 - -6)/(-2)). Suppose 5*z - b = -3*y, 6*y + 4*z = 8*y - 20. Let s(t) = -t**2 + 12*t - 5. Calculate s(y).
-5
Suppose 0 = -4*d + 1057 - 3545. Let v = 621 + d. Let z(p) = 4*p - 1. Determine z(v).
-5
Let r(a) = -2*a**3 + 22*a**2 + 123*a + 13. Let k(b) = -3*b**3 + 31*b**2 + 172*b + 20. Let l(c) = -5*k(c) + 7*r(c). Suppose 2*z = 7*z. Calculate l(z).
-9
Let j(p) = -p**3 - 6*p**2 + 5*p - 1. Let b = -555 - -559. Let g(w) = w**3 + 6*w**2 - 7*w + 2. Let k(n) = b*j(n) + 3*g(n). What is k(-6)?
8
Let n = -1356 - -1351. Let d(h) = -h**3 - 4*h**2 + 4*h + 10. Calculate d(n).
15
Let g be 4/14 - (-74)/(-14). Let o(q) be the third derivative of -q**6/120 - q**5/12 - q**4/24 + q**3/3 + 12*q**2 + 40*q. Determine o(g).
7
Let s(f) = -f**3 + 26*f**2 + 6*f - 149. Suppose -1829*q + 1814*q = -390. Calculate s(q).
7
Let s = 286 + -284. Let l(p) = 135*p**3 - 133*p**3 + p - 1 - 4*p**2 + 10*p**s. Calculate l(-2).
5
Suppose -2*u - 3489 = 3*f - 3513, 5*u - 24 = -3*f. Let v(w) = -w**2 + 9*w - 3. What is v(f)?
5
Let m(p) = -8*p**2 + 4*p. Let z be (-1)/((-3)/2) - (-79)/237. Give m(z).
-4
Let v(n) = 49*n - 198. Let y be v(7). Suppose 69 = -19*b + y. Let r(f) = 3*f - 7. Calculate r(b).
5
Let g(f) = f**3 - 6*f**2 - 3. Let j = 35 + -39. Let c be ((-4)/((-24)/21))/((-2)/j). Let p = c - 1. What is g(p)?
-3
Let c(g) be the third derivative of -g**4/24 - 11*g**3/6 - 2*g**2 + 562*g + 2. Calculate c(-16).
5
Let g(h) = -4*h. Let v(f) = 11 - 2 + 27*f + 18 - 31*f**2 + f**3 + 2*f. Let j be v(30). Calculate g(j).
12
Let j(g) = -2*g + 2. Let k(s) = 8*s - 8. Let w(p) = 15*j(p) + 3*k(p). Let b = 3 + -4. Let z(v) = v. Let x(u) = b*w(u) - 2*z(u). Give x(6).
18
Let d(r) = 3*r**2 + r + 3. Suppose -3*v = 13*v + 128. Let h(j) = 5*j**2 + 2*j + 5. Let n(f) = v*d(f) + 5*h(f). Suppose 3*b + 20 = -b. Calculate n(b).
16
Let g(j) = 6*j - 25. Let m(a) = -2*a + 8. Let q(y) = g(y) + 5*m(y). What is q(7)?
-13
Let s(h) = 8*h + 5. Suppose -1086*f + 1059*f + 54 = 0. What is s(f)?
21
Let a(o) = -2*o**2 - 2*o - 8. Let u(k) = -k**2 - 9. Let q(v) = 2*a(v) - 3*u(v). Calculate q(-6).
-1
Let p(s) be the second derivative of s**3/6 - 7*s**2 + 4*s - 876. Let b(j) = j + 3. Let o be b(-7). Let r = o + 10. Determine p(r).
-8
Let p(n) = -n**3 + 7*n**2 + 9. Let u be -25*((-15)/(-25)*5 + -5). Suppose 62*j = u*j + 84. Calculate p(j).
9
Let g(n) be the second derivative of -n**8/6720 + n**7/840 + n**6/360 - n**5/120 + 25*n**4/2 + 4*n + 5. Let w(f) be the third derivative of g(f). What is w(3)?
5
Let m(r) = 53*r - 261. Let l = -27205 - -27210. Determine m(l).
4
Let n(w) = -4*w**3 + w**2 - w - 2. Let d(j) = 19*j**3 - 6*j**2 + 4*j + 9. Let k(y) = -3*d(y) - 14*n(y). What is k(3)?
16
Suppose 0 = -22*l + 29*l - 14. Let h(w) = -1 + 0 + 78*w**2 - 147*w**2 + w**3 + 70*w**l. Determine h(-1).
-1
Let k(i) be the third derivative of 1/12*i**4 - 1/120*i**6 - 1/30*i**5 - 1/6*i**3 + 11*i**2 + 1 + 0*i. Let g be 1/(-1 - (-2)/3). What is k(g)?
2
Let i(x) = 119*x - 38*x - 44*x - 41*x - 23. Give i(-18).
49
Let o = -5 + 28. Let k(m) = 34*m**2 + 19*m + 12. Let z(j) = -41*j**2 - 18*j - 19. Let t(x) = -6*k(x) - 5*z(x). Give t(o).
0
Let j = -403 - -409. Suppose 0 = 4*p - 5*x + 4, -j*p + 3*x - 5 = -p. Let u(z) = -24*z. Calculate u(p).
24
Let t(k) = 14*k - 24 + 13*k - 37*k + 9 + 11*k. Calculate t(10).
-5
Let y(b) = -34 + 18 + 30 - 9*b - 32. What is y(-4)?
18
Let t(j) = 42*j**2 + 11*j + 32. Let g(q) = q**2 - q - 6. Let c(f) = -6*g(f) - t(f). Calculate c(1).
-49
Suppose y - 10*t + 6*t = 1944, 0 = -y + 3*